{"id":26,"date":"2023-08-26T19:24:48","date_gmt":"2023-08-26T19:24:48","guid":{"rendered":"https:\/\/drstours.mx\/?page_id=26"},"modified":"2023-08-27T18:41:32","modified_gmt":"2023-08-27T18:41:32","slug":"acerca-de","status":"publish","type":"page","link":"https:\/\/drstours.mx\/index.php\/acerca-de\/","title":{"rendered":"Acerca de nosotros"},"content":{"rendered":"\n<div class=\"wp-block-media-text is-stacked-on-mobile\"><figure class=\"wp-block-media-text__media\"><img loading=\"lazy\" decoding=\"async\" width=\"1024\" height=\"1024\" src=\"https:\/\/drstours.mx\/wp-content\/uploads\/2023\/08\/1000083479_9379ebfa19f9ef8080dc4c74d5df2f39-7_7_2023-8_24_39-p.-m-2-1024x1024.jpg\" alt=\"\" class=\"wp-image-56 size-full\" srcset=\"https:\/\/drstours.mx\/wp-content\/uploads\/2023\/08\/1000083479_9379ebfa19f9ef8080dc4c74d5df2f39-7_7_2023-8_24_39-p.-m-2-1024x1024.jpg 1024w, https:\/\/drstours.mx\/wp-content\/uploads\/2023\/08\/1000083479_9379ebfa19f9ef8080dc4c74d5df2f39-7_7_2023-8_24_39-p.-m-2-300x300.jpg 300w, https:\/\/drstours.mx\/wp-content\/uploads\/2023\/08\/1000083479_9379ebfa19f9ef8080dc4c74d5df2f39-7_7_2023-8_24_39-p.-m-2-150x150.jpg 150w, https:\/\/drstours.mx\/wp-content\/uploads\/2023\/08\/1000083479_9379ebfa19f9ef8080dc4c74d5df2f39-7_7_2023-8_24_39-p.-m-2-768x768.jpg 768w, https:\/\/drstours.mx\/wp-content\/uploads\/2023\/08\/1000083479_9379ebfa19f9ef8080dc4c74d5df2f39-7_7_2023-8_24_39-p.-m-2.jpg 1080w\" sizes=\"auto, (max-width: 1024px) 100vw, 1024px\" \/><\/figure><div class=\"wp-block-media-text__content\">\n<p>Gracias al amor, apoyo y esfuerzo en familia nace <em>DRS TOURS.<\/em><\/p>\n\n\n\n<p><em>Somos una agencia de viajes de una solida <em>infraestructura que nos ayuda a brindar viajes memorables, ya que contamos con una larga experiencia en el ramo tur\u00edstico al igual en la organizaci\u00f3n de congresos y convenciones en la Riviera Maya y Canc\u00fan entre otros destinos<\/em>.<\/em><\/p>\n\n\n\n<p>Nuestra prioridad son nuestros clientes.<\/p>\n\n\n\n<p><em>Manejamos tanto hoteles, traslados, tours, circuitos, pases, XV a\u00f1os, Boda, eventos especiales y mucho m\u00e1s\u2026<\/em><\/p>\n<\/div><\/div>\n\n\n\n<div class=\"wp-block-columns alignwide is-layout-flex wp-container-core-columns-is-layout-28f84493 wp-block-columns-is-layout-flex\">\n<div class=\"wp-block-column is-layout-flow wp-block-column-is-layout-flow\">\n<figure class=\"wp-block-image size-full\"><img loading=\"lazy\" decoding=\"async\" width=\"660\" height=\"440\" src=\"https:\/\/drstours.mx\/wp-content\/uploads\/2023\/08\/1000092156_23671d2a68dd30507086114d93c9a70c-20_6_2023-8_05_08-p.-m.jpg\" alt=\"\" class=\"wp-image-57\" srcset=\"https:\/\/drstours.mx\/wp-content\/uploads\/2023\/08\/1000092156_23671d2a68dd30507086114d93c9a70c-20_6_2023-8_05_08-p.-m.jpg 660w, https:\/\/drstours.mx\/wp-content\/uploads\/2023\/08\/1000092156_23671d2a68dd30507086114d93c9a70c-20_6_2023-8_05_08-p.-m-300x200.jpg 300w\" sizes=\"auto, (max-width: 660px) 100vw, 660px\" \/><\/figure>\n\n\n\n<p><\/p>\n\n\n\n<p class=\"has-black-color has-text-color has-medium-font-size\">Nuestro compromiso y empatia<\/p>\n\n\n\n<p><em>Nos hace totalmente distintos a todas las dem\u00e1s agencias de viajes, ya que hacemos todo para que tu viaje sea \u00fanico, especial y hecho a tu medida.<\/em><\/p>\n<\/div>\n\n\n\n<div class=\"wp-block-column is-layout-flow wp-block-column-is-layout-flow\">\n<figure class=\"wp-block-image size-large is-resized\"><img loading=\"lazy\" decoding=\"async\" src=\"https:\/\/drstours.mx\/wp-content\/uploads\/2023\/08\/1000084875_9780928768fc9b86ccb344aa0cd7cdbe-1_6_2023-7_18_03-p.-m-683x1024.jpg\" alt=\"\" class=\"wp-image-58\" style=\"width:344px;height:515px\" width=\"344\" height=\"515\" srcset=\"https:\/\/drstours.mx\/wp-content\/uploads\/2023\/08\/1000084875_9780928768fc9b86ccb344aa0cd7cdbe-1_6_2023-7_18_03-p.-m-683x1024.jpg 683w, https:\/\/drstours.mx\/wp-content\/uploads\/2023\/08\/1000084875_9780928768fc9b86ccb344aa0cd7cdbe-1_6_2023-7_18_03-p.-m-200x300.jpg 200w, https:\/\/drstours.mx\/wp-content\/uploads\/2023\/08\/1000084875_9780928768fc9b86ccb344aa0cd7cdbe-1_6_2023-7_18_03-p.-m.jpg 736w\" sizes=\"auto, (max-width: 344px) 100vw, 344px\" \/><\/figure>\n<\/div>\n<\/div>\n\n\n\n<div class=\"wp-block-cover alignfull is-light has-white-color has-text-color\" style=\"padding-top:50px;padding-right:50px;padding-bottom:50px;padding-left:50px;min-height:348px;aspect-ratio:unset;\"><span aria-hidden=\"true\" class=\"wp-block-cover__background has-black-background-color has-background-dim-10 has-background-dim\"><\/span><img loading=\"lazy\" decoding=\"async\" width=\"720\" height=\"1280\" class=\"wp-block-cover__image-background wp-image-73\" alt=\"\" src=\"https:\/\/drstours.mx\/wp-content\/uploads\/2023\/08\/46ff99555798ddba09698dc622dd3393.jpg\" data-object-fit=\"cover\" srcset=\"https:\/\/drstours.mx\/wp-content\/uploads\/2023\/08\/46ff99555798ddba09698dc622dd3393.jpg 720w, https:\/\/drstours.mx\/wp-content\/uploads\/2023\/08\/46ff99555798ddba09698dc622dd3393-169x300.jpg 169w, https:\/\/drstours.mx\/wp-content\/uploads\/2023\/08\/46ff99555798ddba09698dc622dd3393-576x1024.jpg 576w\" sizes=\"auto, (max-width: 720px) 100vw, 720px\" \/><div class=\"wp-block-cover__inner-container is-layout-flow wp-block-cover-is-layout-flow\">\n<div class=\"wp-block-columns are-vertically-aligned-center is-layout-flex wp-container-core-columns-is-layout-28f84493 wp-block-columns-is-layout-flex\">\n<div class=\"wp-block-column is-vertically-aligned-center is-layout-flow wp-block-column-is-layout-flow\" style=\"padding-top:20px;padding-right:0px;padding-bottom:20px;padding-left:0px\">\n<div class=\"wp-block-group is-content-justification-space-between is-nowrap is-layout-flex wp-container-core-group-is-layout-bb3dfb5c wp-block-group-is-layout-flex\">\n<figure class=\"wp-block-image size-full wp-duotone-000000-ffffff-1\"><img decoding=\"async\" src=\"https:\/\/drstours.mx\/wp-content\/themes\/inspiro\/assets\/images\/laurel_left.png\" alt=\"\"\/><\/figure>\n\n\n\n<div class=\"wp-block-group is-layout-flow wp-block-group-is-layout-flow\">\n<p class=\"has-text-align-center has-white-color has-text-color has-small-font-size\" style=\"line-height:1\"><a href=\"mailto:rocio@drstours.mx\">rocio@drstours.mx<\/a><\/p>\n\n\n\n<p class=\"has-text-align-center has-white-color has-text-color has-small-font-size\"><a href=\"http:\/\/wa.me\/528186907345\" data-type=\"link\" data-id=\"wa.me\/528186907345\">Whatsapp<\/a><\/p>\n<\/div>\n\n\n\n<figure class=\"wp-block-image size-full wp-duotone-000000-ffffff-2\"><img decoding=\"async\" src=\"https:\/\/drstours.mx\/wp-content\/themes\/inspiro\/assets\/images\/laurel_right.png\" alt=\"\"\/><\/figure>\n<\/div>\n<\/div>\n\n\n\n<div class=\"wp-block-column is-vertically-aligned-center is-layout-flow wp-block-column-is-layout-flow\" style=\"padding-top:20px;padding-right:0px;padding-bottom:20px;padding-left:0px\">\n<div class=\"wp-block-group is-content-justification-space-between is-nowrap is-layout-flex wp-container-core-group-is-layout-bb3dfb5c wp-block-group-is-layout-flex\">\n<figure class=\"wp-block-image size-full wp-duotone-ffffff-ffffff-3\"><img decoding=\"async\" src=\"https:\/\/drstours.mx\/wp-content\/themes\/inspiro\/assets\/images\/laurel_left.png\" alt=\"\"\/><\/figure>\n\n\n\n<div class=\"wp-block-group is-layout-flow wp-block-group-is-layout-flow\">\n<p class=\"has-white-color has-text-color has-small-font-size\"><a href=\"https:\/\/www.facebook.com\/profile.php?id=100093016555489&amp;mibextid=ZbWKwL\">Facebook<\/a><\/p>\n\n\n\n<p class=\"has-text-align-center has-white-color has-text-color\"><a href=\"https:\/\/instagram.com\/drs_tours?utm_source=qr&amp;igshid=ZDc4ODBmNjlmNQ%3D%3D\">Instagram<\/a><\/p>\n<\/div>\n\n\n\n<figure class=\"wp-block-image size-full is-style-rounded wp-duotone-000000-ffffff-4\"><img decoding=\"async\" src=\"https:\/\/drstours.mx\/wp-content\/themes\/inspiro\/assets\/images\/laurel_right.png\" alt=\"\"\/><\/figure>\n<\/div>\n<\/div>\n<\/div>\n<\/div><\/div>\n","protected":false},"excerpt":{"rendered":"<p>Gracias al amor, apoyo y esfuerzo en familia nace DRS TOURS. Somos una agencia de viajes de una solida infraestructura que nos ayuda a brindar viajes memorables, ya que contamos con una larga experiencia en el ramo tur\u00edstico al igual en la organizaci\u00f3n de congresos y convenciones en la Riviera Maya y Canc\u00fan entre otros &hellip; <\/p>\n<p class=\"link-more\"><a href=\"https:\/\/drstours.mx\/index.php\/acerca-de\/\" class=\"more-link\">Leer m\u00e1s<span class=\"screen-reader-text\"> \u00abAcerca de nosotros\u00bb<\/span><\/a><\/p>\n","protected":false},"author":1,"featured_media":66,"parent":0,"menu_order":0,"comment_status":"closed","ping_status":"closed","template":"","meta":{"footnotes":""},"class_list":["post-26","page","type-page","status-publish","has-post-thumbnail","hentry"],"jetpack_sharing_enabled":true,"_links":{"self":[{"href":"https:\/\/drstours.mx\/index.php\/wp-json\/wp\/v2\/pages\/26","targetHints":{"allow":["GET"]}}],"collection":[{"href":"https:\/\/drstours.mx\/index.php\/wp-json\/wp\/v2\/pages"}],"about":[{"href":"https:\/\/drstours.mx\/index.php\/wp-json\/wp\/v2\/types\/page"}],"author":[{"embeddable":true,"href":"https:\/\/drstours.mx\/index.php\/wp-json\/wp\/v2\/users\/1"}],"replies":[{"embeddable":true,"href":"https:\/\/drstours.mx\/index.php\/wp-json\/wp\/v2\/comments?post=26"}],"version-history":[{"count":14,"href":"https:\/\/drstours.mx\/index.php\/wp-json\/wp\/v2\/pages\/26\/revisions"}],"predecessor-version":[{"id":175,"href":"https:\/\/drstours.mx\/index.php\/wp-json\/wp\/v2\/pages\/26\/revisions\/175"}],"wp:featuredmedia":[{"embeddable":true,"href":"https:\/\/drstours.mx\/index.php\/wp-json\/wp\/v2\/media\/66"}],"wp:attachment":[{"href":"https:\/\/drstours.mx\/index.php\/wp-json\/wp\/v2\/media?parent=26"}],"curies":[{"name":"wp","href":"https:\/\/api.w.org\/{rel}","templated":true}]}}