{"id":27,"date":"2023-08-26T19:24:48","date_gmt":"2023-08-26T19:24:48","guid":{"rendered":"https:\/\/drstours.mx\/?page_id=27"},"modified":"2023-08-27T02:45:14","modified_gmt":"2023-08-27T02:45:14","slug":"contacto","status":"publish","type":"page","link":"https:\/\/drstours.mx\/index.php\/contacto\/","title":{"rendered":"Contacto"},"content":{"rendered":"\n<div class=\"wp-block-media-text has-media-on-the-right is-stacked-on-mobile\" style=\"grid-template-columns:auto 40%\"><div class=\"wp-block-media-text__content\">\n<p class=\"has-text-align-center\"><strong>Direcci\u00f3n: <\/strong><em>Camino de los \u00e1lamos, Monterrey, M\u00e9xico<\/em>.<\/p>\n\n\n\n<p class=\"has-text-align-center\"><strong>Telefono:<\/strong> <em>81 8690 7345<\/em><\/p>\n\n\n\n<p class=\"has-text-align-center\"><strong>Email: <\/strong><em>rocio@drstours.mx<\/em><\/p>\n\n\n\n<p class=\"has-text-align-center has-black-color has-text-color\"><a href=\"https:\/\/instagram.com\/drs_tours?utm_source=qr&amp;igshid=ZDc4ODBmNjlmNQ%3D%3D\"><strong>Instagram<\/strong><\/a><\/p>\n\n\n\n<p class=\"has-text-align-center has-black-color has-text-color\"><a href=\"https:\/\/www.facebook.com\/profile.php?id=100093016555489&amp;mibextid=ZbWKwL\"><strong>Facebook<\/strong><\/a><\/p>\n\n\n\n<p class=\"has-text-align-center has-black-color has-text-color\"><a href=\"http:\/\/wa.me\/528186907345\" data-type=\"link\" data-id=\"wa.me\/528186907345\"><strong>Whatsapp<\/strong><\/a><\/p>\n<\/div><figure class=\"wp-block-media-text__media\"><img loading=\"lazy\" decoding=\"async\" width=\"1024\" height=\"1024\" src=\"https:\/\/drstours.mx\/wp-content\/uploads\/2023\/08\/1000101991_cb929cc066709328c88130d82f3d7fa2-1_8_2023-10_01_21-p.-m-1024x1024.jpg\" alt=\"\" class=\"wp-image-115 size-thumbnail\" srcset=\"https:\/\/drstours.mx\/wp-content\/uploads\/2023\/08\/1000101991_cb929cc066709328c88130d82f3d7fa2-1_8_2023-10_01_21-p.-m-1024x1024.jpg 1024w, https:\/\/drstours.mx\/wp-content\/uploads\/2023\/08\/1000101991_cb929cc066709328c88130d82f3d7fa2-1_8_2023-10_01_21-p.-m-300x300.jpg 300w, https:\/\/drstours.mx\/wp-content\/uploads\/2023\/08\/1000101991_cb929cc066709328c88130d82f3d7fa2-1_8_2023-10_01_21-p.-m-150x150.jpg 150w, https:\/\/drstours.mx\/wp-content\/uploads\/2023\/08\/1000101991_cb929cc066709328c88130d82f3d7fa2-1_8_2023-10_01_21-p.-m-768x768.jpg 768w, https:\/\/drstours.mx\/wp-content\/uploads\/2023\/08\/1000101991_cb929cc066709328c88130d82f3d7fa2-1_8_2023-10_01_21-p.-m-1536x1536.jpg 1536w, https:\/\/drstours.mx\/wp-content\/uploads\/2023\/08\/1000101991_cb929cc066709328c88130d82f3d7fa2-1_8_2023-10_01_21-p.-m-2048x2048.jpg 2048w, https:\/\/drstours.mx\/wp-content\/uploads\/2023\/08\/1000101991_cb929cc066709328c88130d82f3d7fa2-1_8_2023-10_01_21-p.-m-2000x2000.jpg 2000w\" sizes=\"auto, (max-width: 1024px) 100vw, 1024px\" \/><\/figure><\/div>\n\n\n\n<hr class=\"wp-block-separator has-alpha-channel-opacity\"\/>\n","protected":false},"excerpt":{"rendered":"<p>Direcci\u00f3n: Camino de los \u00e1lamos, Monterrey, M\u00e9xico. Telefono: 81 8690 7345 Email: rocio@drstours.mx Instagram Facebook Whatsapp<\/p>\n","protected":false},"author":1,"featured_media":114,"parent":0,"menu_order":0,"comment_status":"closed","ping_status":"closed","template":"","meta":{"footnotes":""},"class_list":["post-27","page","type-page","status-publish","has-post-thumbnail","hentry"],"jetpack_sharing_enabled":true,"_links":{"self":[{"href":"https:\/\/drstours.mx\/index.php\/wp-json\/wp\/v2\/pages\/27","targetHints":{"allow":["GET"]}}],"collection":[{"href":"https:\/\/drstours.mx\/index.php\/wp-json\/wp\/v2\/pages"}],"about":[{"href":"https:\/\/drstours.mx\/index.php\/wp-json\/wp\/v2\/types\/page"}],"author":[{"embeddable":true,"href":"https:\/\/drstours.mx\/index.php\/wp-json\/wp\/v2\/users\/1"}],"replies":[{"embeddable":true,"href":"https:\/\/drstours.mx\/index.php\/wp-json\/wp\/v2\/comments?post=27"}],"version-history":[{"count":4,"href":"https:\/\/drstours.mx\/index.php\/wp-json\/wp\/v2\/pages\/27\/revisions"}],"predecessor-version":[{"id":165,"href":"https:\/\/drstours.mx\/index.php\/wp-json\/wp\/v2\/pages\/27\/revisions\/165"}],"wp:featuredmedia":[{"embeddable":true,"href":"https:\/\/drstours.mx\/index.php\/wp-json\/wp\/v2\/media\/114"}],"wp:attachment":[{"href":"https:\/\/drstours.mx\/index.php\/wp-json\/wp\/v2\/media?parent=27"}],"curies":[{"name":"wp","href":"https:\/\/api.w.org\/{rel}","templated":true}]}}